d derivative of m**4/8 - m**3/3 + m**2. Suppose 4*b = 5*s - 81, 0 = 4*s - 5*s - 3*b + 1. Suppose -76 = -s*i - 6*i. Determine n(i).
10
Let w be 42/(-4)*(-10)/(-15). Let p(r) = -5*r - 14. Let u be p(w). Let m = u + -12. Let a(h) = -h**3 + 8*h**2 + 10*h - 10. What is a(m)?
-1
Let b be (-3)/(15/(-40)*4). Suppose 0 = -16*u - b*u + 144. Let f(k) = -k**2 + 9*k - 1. What is f(u)?
7
Let j(t) = -2*t**2 + 52*t - 6. Let k(g) = -g**2 + 87*g - 1267. Let q be k(68). Give j(q).
44
Suppose 0*d = -4*d + 16, -c + 5*d - 14 = 0. Let l(z) = 5*z**3 - z - 1 + 7*z**2 + 8*z + z - c*z**3. Determine l(8).
-1
Let c(a) = -a**2 + 5*a - 4. Let d(b) = 2*b**2 + 10*b - 9. Let g be d(-6). Suppose -4*w - 9 = -6*w + g*v, -v - 11 = -2*w. Calculate c(w).
-10
Let k be 2697/522 + (-2)/12 - -2. Let z(o) = o**3 - 6*o**2 - 14*o + 9. Determine z(k).
-40
Suppose -m - 3*m - 86 = -2*g, 0 = -g - 5*m + 22. Suppose 27 = 8*f - g. Let j(i) = -2*i + 3 + 4 - 3. What is j(f)?
-12
Let y(c) = c - 16. Let g be y(9). Let v(w) be the second derivative of 1/12*w**4 + 4*w**2 + 5/3*w**3 + 0 + 15*w. What is v(g)?
-13
Let m be (-8)/1 - (8 - 7). Let q(w) be the third derivative of w**4/24 + 5*w**3/2 - 5850*w**2. Determine q(m).
6
Let p(y) = -6*y - 2*y + 6817 - 3*y - 6864 + y. Determine p(-8).
33
Let u(n) be the third derivative of 0 - 1/24*n**4 + 158*n**2 + 0*n + 1/6*n**3. Determine u(4).
-3
Let q(n) = -n. Let g(d) = d**2 - 6*d - 16. Let o(y) = -g(y) - 3*q(y). Let t(k) = k**3 - 9*k**2 + 254*k - 3026. Let l be t(11). Give o(l).
6
Let x(p) = 25 - p**2 - 17 - 3*p**2. Let t be -10 + -11*(-50)/55. What is x(t)?
8
Let h(r) = -r**3 + 5*r**2 + 4. Let d be ((-52)/112 + (-12)/42)*-120. Suppose 3*a - 105 = -d. Give h(a).
4
Let m(u) = u**3 + 5*u**2 - 10*u - 8. Suppose 0 = j - n - 9, 7*n - 53 = -2*j + 2*n. Let v = 8 - j. What is m(v)?
16
Let v = 269 - 274. Let b(w) = -w**3 + 6*w + 4. Let u(g) = 3*g**3 + g**2 - 17*g - 11. Let r(h) = 11*b(h) + 4*u(h). Give r(v).
-15
Let m(o) be the second derivative of o**5/20 - o**4/12 + o**2 + 2*o. Suppose -5*v = -4*b + 131, -v + 4*v - 15 = 0. Suppose b*j = 47*j. Calculate m(j).
2
Let r(d) = -d**2 + 4*d. Suppose -2*w - 4*z + 36 = -120, -5*w = -z - 401. Let k = w - 73. Suppose -12*g + k*g = -25. What is r(g)?
-5
Let s(z) be the first derivative of -z**4/4 - 3*z**3 - 11*z**2/2 - 5*z + 11. Let o = -62 + 55. What is s(o)?
-26
Let f(i) = 58*i**3 + 13*i**2 - 208*i - 190. Let l(u) = 21*u**3 + 4*u**2 - 75*u - 63. Let h(v) = -4*f(v) + 11*l(v). Give h(-8).
11
Suppose y = 2*p + 9, 4*y - 3*p = p + 32. Let w = -610 - -604. Let v = y + w. Let i(u) = -4*u**3 - 2*u**2 + u. Give i(v).
-5
Let z(g) = g**2 - g + 6. Let r = -1979 - -1979. Determine z(r).
6
Let d(n) = 21*n + 5. Let k(i) = -27*i - 4. Let l(g) = 3*d(g) + 2*k(g). What is l(3)?
34
Let h(p) = -3435 - 4*p + p + 3405. Give h(-8).
-6
Let o(y) be the second derivative of y**5/20 + 3*y**4/4 - 5*y**3/2 - 11*y**2/2 - 103*y + 5. Determine o(-10).
39
Suppose 3*g + 2*t - 15 = 0, -4*t + t = -3*g + 15. Let h(x) = 10*x**2 - 50*x - 3. Give h(g).
-3
Let g(p) be the second derivative of 7*p**3/3 + 2*p**2 + 1056*p. What is g(-4)?
-52
Let g(m) be the second derivative of 2 + 69*m + 1/2*m**3 + 21/2*m**2. Give g(-8).
-3
Let d(b) = 2*b - 13. Let q(y) be the first derivative of -9*y - 1/2*y**2 - 32 + 1/3*y**3. Let l be q(5). Calculate d(l).
9
Suppose 16 = i + 14. Suppose 2*q - 20 = 2*f, 0*q - i*f - 27 = -3*q. Let m(x) = -x - 13. Let y(o) = -2*o - 20. Let h(k) = -8*m(k) + 5*y(k). What is h(q)?
-10
Let b = -462 + 470. Let g(j) = -j**2 - j. Let r(d) = d**3 - 5*d**2 + 9*d + 3. Let t(c) = -4*g(c) - r(c). Determine t(b).
21
Suppose 32*c = -4*x - 208, -6*x = c - 4*x + 14. Let q(r) = r**3 + 7*r**2 + 3*r - 26. Determine q(c).
-8
Let l(s) be the second derivative of -24*s + 0 + s**3 - 1/12*s**4 - 1/2*s**2. Suppose -5*n + 30 = 5. Calculate l(n).
4
Let n(g) be the second derivative of g**7/1260 + g**6/60 - g**5/15 + g**4/12 - 59*g**3/6 - g - 158. Let h(r) be the third derivative of n(r). Determine h(-6).
-8
Suppose -3*z + 15 = 4*l, -3*z + 4 - 1 = 0. Let j(u) = -u**3 + 2*u**2 + u + 1. Calculate j(l).
-5
Let g = 18 - 3. Let u(s) = -s**3 + 23*s**2 + 22*s + 50. Let j be u(24). Suppose g = -q - j*q. Let n(v) = -v + 2. Calculate n(q).
7
Let m(l) = 3*l + 1. Let s(b) = b**3 - 9*b. Let i be s(3). Suppose i = -250*u + 246*u - 16. Determine m(u).
-11
Let j(z) = 5*z**2 - 14 - 22 + 2*z + 66 - 26 + z**3. Let n(k) = -2*k**2 - 12*k + 10. Let a be n(-7). Give j(a).
12
Let p = 18 - -177. Let i(l) = 5*l**2 + l**3 - 194 + 2*l**2 + p + 7*l. Let k(v) = -2*v - 2. Let r be k(2). Calculate i(r).
-5
Suppose 5452 = 10*k + 5682. Let f(o) = -o**3 - 21*o**2 + 46*o + 12. Determine f(k).
12
Let k = -13136 + 13134. Let x(t) = t**2 + 3*t + 10. Calculate x(k).
8
Let m(v) = v**2 - 3*v - 1. Let w(c) = -9*c**2 + 3*c + 10. Let r(p) = 2*p**2 - 2. Let b(n) = -4*r(n) - w(n). Let h(j) = 6*b(j) - 7*m(j). Give h(6).
-23
Let t = 4733 + -4736. Let h(x) = -x - 4. Determine h(t).
-1
Let t(w) = 8*w - 1. Let x = 1665 - 1670. What is t(x)?
-41
Let c(o) = -o**2 + 11*o + 4. Let j = -5638 + 5649. What is c(j)?
4
Let z(u) = 2*u - 24 + 0*u**3 - u + 23 - u**3. Let m(x) be the second derivative of 4*x**3/3 - 21*x**2 - 27*x. Let j be m(5). Give z(j).
5
Let l be (-85)/(-15) - 6/9. Let n(k) = -3*k + 4*k**2 - 3*k**2 - 2 + 5 - l*k. Let r be (3*(-2)/10)/(10/(-50)). What is n(r)?
-12
Let y(a) = -3*a**3 + 3*a**2 - 4*a - 5. Let u(x) = 2*x**3 + x**2 - x - 1. Let f = 264 + -265. Let g(z) = f*y(z) - 2*u(z). Give g(-6).
7
Let h(j) = -114*j + 39 + 26*j**2 + 107*j + j**3 - 226. Calculate h(-26).
-5
Let p = -8268 - -8273. Let b(y) = -15*y + 56. Calculate b(p).
-19
Let u(s) = 2*s**2 - 8*s - 6. Let b(r) = -r**2 + r. Let i(k) = -5*b(k) - u(k). Let c be i(-6). Let a = c + -90. Let l(v) = -v**3 + 6*v**2 + 7. Give l(a).
7
Let c(j) be the first derivative of -5*j**4/24 - j**3 + 54*j**2 - 75. Let k(o) be the second derivative of c(o). What is k(-6)?
24
Let t(j) = -j + 1. Let y(i) = -4*i + 7. Let p(r) = 5*t(r) - y(r). Let l = 275 + -455. Let k be ((-4)/(-6))/(-10 - 1788/l). Give p(k).
8
Let o(t) be the second derivative of -2*t**3/3 + t**2 + 2*t. Let z be (-14 + (-264)/(-18))*189/42. What is o(z)?
-10
Suppose -40*r + 34*r + 63 = 9. Let a(x) = x**3 - 8*x**2 - 7*x - 18. Determine a(r).
0
Let m(s) = -21*s + 24. Let h(g) = 37*g - 42. Let f(q) = 4*h(q) + 7*m(q). Let c = 6 + -4. Determine f(c).
2
Let o(s) = s - 34 + 8*s + 4*s. Let v(f) = 9*f - 23. Let w(x) = 5*o(x) - 7*v(x). Determine w(8).
7
Let x(o) = 163*o**3 - 2*o**2 + o. Let t(k) = k**3 - 24*k**2 + 139*k + 61. Let a be t(12). What is x(a)?
162
Let a(d) = -3*d. Let h(b) = -19*b - 13. Let l(m) = m**2 - 35. Let n be l(6). Let q(v) = n*h(v) - 6*a(v). Give q(-6).
-7
Let d(m) = -9*m**2 - 5 - 13*m**2 - 16*m**2 - 14*m**2 + 53*m**2. Let h be d(-3). Let s(g) = -g**2 + 6*g - 4. What is s(h)?
4
Let t(c) be the first derivative of -c**3/3 - 29*c**2/2 - 205*c + 4566. Determine t(-13).
3
Let t = 355 + -355. Suppose h - 5*p - 10 = 0, -3*h - 4*p - 19 - 27 = t. Let g(z) = z**3 + 10*z**2 + 3. What is g(h)?
3
Suppose -3*v = 2*y + 54, 0 = 4*v - y + 62 - 12. Let n(t) = 11*t + 135. Give n(v).
-19
Let k(x) = -5 - 3*x - x + 1 - 2*x**2 + x**3. Suppose -85 = -5*a - 0*m - 5*m, 0 = 5*a + m - 69. Suppose -c = 4*j - 7 - a, -4*j + 12 = -c. Give k(j).
12
Let v(p) = p. Let t(l) = 4*l + 1. Let i(m) = t(m) - 3*v(m). Suppose 0 = g - 0 - 3. Suppose u + 5*x - g = 7, 2*u = 5*x + 5. What is i(u)?
6
Let u(y) = -2*y**3 + 26*y**2 + 28*y - 34. Let p = 37337 - 37323. Calculate u(p).
-34
Let t(u) = 15*u + 197. Let r = 332 - 345. Determine t(r).
2
Let a be -2*(2 + 5/(-2)) + 4. Let c(g) = -3*g**2 - 13*g - 3. Let i(j) = 4*j**2 + 15*j + 2. Let h(z) = 5*c(z) + 4*i(z). Give h(a).
-7
Let p(v) = -2*v**2 + v. Let d = 745 + -1445. Let b = -704 - d. Calculate p(b).
-36
Let h(m) be the second derivative of -m**3/3 + 3*m**2/2 + 2243*m. Suppose -3*v = -8*v + 15. What is h(v)?
-3
Let r(k) = k**2 + 145. Let j(l) = 24. Let n(c) = -13*j(c) + 2*r(c). What is n(-6)?
50
Let w(x) = -x - 1. Let f(a) = a**2 - 7*a + 4. Suppose -9*q - 4 = 5. Let m(p) = q*f(p) + w(p). Let y be 459/63 + (-4)/14. Determine m(y).
-12
Let w(b) be the first derivative of b**3/3 - b**2/2 - 28. Let t(d) = 7*d**2 + 4*d + 7. Let z(o) = -t(o) + 6*w(o). Let x be 8*(-3)/(-24)*-10. Determine z(x).
-7
Let m be 12*